units digit of 20920013?
3
What is the hundred thousands digit of 923029?
9
What is the ten thousands digit of 370821?
7
What is the thousands digit of 37373580?
3
What is the hundred thousands digit of 21134845?
1
What is the millions digit of 1076355?
1
What is the units digit of 1231210?
0
What is the hundred thousands digit of 431095?
4
What is the hundreds digit of 236447?
4
What is the units digit of 451249?
9
What is the tens digit of 220353?
5
What is the thousands digit of 833152?
3
What is the thousands digit of 214789?
4
What is the hundreds digit of 652126?
1
What is the thousands digit of 1143212?
3
What is the hundred thousands digit of 206059?
2
What is the hundred thousands digit of 985367?
9
What is the thousands digit of 207414?
7
What is the millions digit of 6311917?
6
What is the thousands digit of 528569?
8
What is the thousands digit of 15468264?
8
What is the thousands digit of 338966?
8
What is the units digit of 234833?
3
What is the hundred thousands digit of 439452?
4
What is the hundreds digit of 11750?
7
What is the units digit of 91466?
6
What is the ten thousands digit of 57067?
5
What is the hundred thousands digit of 593719?
5
What is the thousands digit of 1206207?
6
What is the thousands digit of 615947?
5
What is the ten thousands digit of 3652848?
5
What is the millions digit of 24977611?
4
What is the hundred thousands digit of 165857?
1
What is the units digit of 4380545?
5
What is the units digit of 1701945?
5
What is the hundreds digit of 214377?
3
What is the tens digit of 215027?
2
What is the thousands digit of 9109569?
9
What is the thousands digit of 7368994?
8
What is the units digit of 321795?
5
What is the ten thousands digit of 2068104?
6
What is the tens digit of 4080440?
4
What is the thousands digit of 6127438?
7
What is the units digit of 1687382?
2
What is the hundreds digit of 757933?
9
What is the tens digit of 23854842?
4
What is the ten thousands digit of 263727?
6
What is the thousands digit of 71812?
1
What is the ten millions digit of 25116270?
2
What is the ten thousands digit of 928989?
2
What is the tens digit of 175529?
2
What is the ten thousands digit of 308641?
0
What is the ten thousands digit of 9785839?
8
What is the millions digit of 32448144?
2
What is the tens digit of 5892986?
8
What is the tens digit of 7310298?
9
What is the thousands digit of 265892?
5
What is the thousands digit of 2021784?
1
What is the thousands digit of 12279008?
9
What is the units digit of 2089412?
2
What is the units digit of 7471874?
4
What is the ten thousands digit of 4309192?
0
What is the millions digit of 9205177?
9
What is the hundreds digit of 147381?
3
What is the tens digit of 18452821?
2
What is the thousands digit of 8750285?
0
What is the units digit of 16150647?
7
What is the thousands digit of 639036?
9
What is the hundreds digit of 3667125?
1
What is the thousands digit of 3328771?
8
What is the hundred thousands digit of 417851?
4
What is the hundred thousands digit of 764280?
7
What is the hundred thousands digit of 2241839?
2
What is the hundreds digit of 7496?
4
What is the ten thousands digit of 6886849?
8
What is the hundreds digit of 444961?
9
What is the thousands digit of 2258325?
8
What is the tens digit of 225757?
5
What is the units digit of 78493?
3
What is the thousands digit of 1729940?
9
What is the millions digit of 1848892?
1
What is the thousands digit of 66820?
6
What is the hundred thousands digit of 4055055?
0
What is the millions digit of 11717050?
1
What is the hundreds digit of 307002?
0
What is the hundreds digit of 222278?
2
What is the tens digit of 802501?
0
What is the hundreds digit of 1844968?
9
What is the hundreds digit of 347820?
8
What is the units digit of 313263?
3
What is the hundreds digit of 2504010?
0
What is the tens digit of 327911?
1
What is the thousands digit of 5048922?
8
What is the hundreds digit of 599813?
8
What is the units digit of 144661?
1
What is the units digit of 42688?
8
What is the ten thousands digit of 314566?
1
What is the tens digit of 84133?
3
What is the hundreds digit of 1306682?
6
What is the hundred thousands digit of 3398374?
3
What is the units digit of 845546?
6
What is the hundreds digit of 581324?
3
What is the thousands digit of 136978?
6
What is the units digit of 3405241?
1
What is the ten thousands digit of 5420334?
2
What is the millions digit of 14135690?
4
What is the ten thousands digit of 256029?
5
What is the hundreds digit of 2962181?
1
What is the thousands digit of 22691152?
1
What is the units digit of 677239?
9
What is the tens digit of 3009956?
5
What is the tens digit of 8739793?
9
What is the hundred thousands digit of 2437852?
4
What is the hundreds digit of 416317?
3
What is the thousands digit of 197905?
7
What is the hundred thousands digit of 9166414?
1
What is the units digit of 4647337?
7
What is the ten thousands digit of 6542898?
4
What is the tens digit of 2265474?
7
What is the millions digit of 22341496?
2
What is the ten thousands digit of 5538366?
3
What is the units digit of 306814?
4
What is the hundred thousands digit of 1935633?
9
What is the units digit of 23349310?
0
What is the thousands digit of 6620757?
0
What is the hundred thousands digit of 275321?
2
What is the ten thousands digit of 1969664?
6
What is the tens digit of 86848?
4
What is the units digit of 3213925?
5
What is the millions digit of 13117674?
3
What is the units digit of 288427?
7
What is the ten thousands digit of 8603570?
0
What is the millions digit of 1830909?
1
What is the hundreds digit of 174595?
5
What is the tens digit of 253477?
7
What is the tens digit of 832051?
5
What is the thousands digit of 119730?
9
What is the tens digit of 1146124?
2
What is the hundred thousands digit of 8609697?
6
What is the ten thousands digit of 46308?
4
What is the units digit of 61440?
0
What is the ten thousands digit of 1281992?
8
What is the tens digit of 380030?
3
What is the ten thousands digit of 991968?
9
What is the ten millions digit of 21111528?
2
What is the hundreds digit of 433546?
5
What is the units digit of 5610658?
8
What is the units digit of 2512920?
0
What is the ten thousands digit of 16251896?
5
What is the ten millions digit of 10560637?
1
What is the thousands digit of 221995?
1
What is the thousands digit of 1483586?
3
What is the ten thousands digit of 176937?
7
What is the tens digit of 24670090?
9
What is the thousands digit of 121127?
1
What is the hundred thousands digit of 33047848?
0
What is the thousands digit of 1628820?
8
What is the hundred thousands digit of 2232494?
2
What is the thousands digit of 54942?
4
What is the ten millions digit of 10130935?
1
What is the units digit of 349744?
4
What is the hundred thousands digit of 10482369?
4
What is the millions digit of 10463683?
0
What is the thousands digit of 187285?
7
What is the tens digit of 1362624?
2
What is the ten thousands digit of 593307?
9
What is the tens digit of 492807?
0
What is the hundred thousands digit of 2031229?
0
What is the units digit of 836370?
0
What is the tens digit of 60173?
7
What is the ten thousands digit of 8592563?
9
What is the thousands digit of 1619383?
9
What is the units digit of 513905?
5
What is the units digit of 231991?
1
What is the hundreds digit of 574433?
4
What is the hundreds digit of 253649?
6
What is the units digit of 705129?
9
What is the ten thousands digit of 17756526?
5
What is the hundred thousands digit of 598308?
5
What is the tens digit of 264027?
2
What is the units digit of 971283?
3
What is the hundred thousands digit of 827437?
8
What is the thousands digit of 371977?
1
What is the thousands digit of 14987824?
7
What is the hundreds digit of 766745?
7
What is the thousands digit of 8041092?
1
What is the hundreds digit of 2388150?
1
What is the ten thousands digit of 8155983?
5
What is the hundreds digit of 242814?
8
What is the units digit of 165249?
9
What is the ten millions digit of 26547586?
2
What is the ten thousands digit of 1640747?
4
What is the hundred thousands digit of 516469?
5
What is the tens digit of 336172?
7
What is the units digit of 658456?
6
What is the hundreds digit of 3389857?
8
What is the tens digit of 23094855?
5
What is